he greatest common factor of 11 and 2101?
11
Calculate the greatest common divisor of 391 and 119.
17
What is the highest common divisor of 94 and 658?
94
What is the greatest common factor of 451 and 205?
41
Calculate the greatest common divisor of 56 and 952.
56
Calculate the greatest common divisor of 6 and 2589.
3
What is the greatest common factor of 21 and 224?
7
What is the highest common divisor of 4430 and 90?
10
What is the greatest common divisor of 736 and 644?
92
Calculate the greatest common divisor of 711 and 18.
9
Calculate the greatest common divisor of 781 and 923.
71
Calculate the greatest common factor of 20 and 17540.
20
Calculate the highest common divisor of 5 and 405.
5
What is the highest common factor of 29 and 3277?
29
Calculate the highest common divisor of 22 and 88.
22
Calculate the greatest common divisor of 23 and 805.
23
What is the greatest common factor of 297 and 66?
33
Calculate the highest common factor of 328 and 123.
41
What is the highest common factor of 212 and 96?
4
Calculate the greatest common factor of 152 and 77748.
76
What is the greatest common divisor of 2336 and 73?
73
What is the highest common divisor of 12 and 11316?
12
Calculate the highest common divisor of 2278 and 102.
34
Calculate the highest common divisor of 1688 and 8.
8
Calculate the greatest common factor of 221 and 5.
1
What is the greatest common divisor of 72 and 2952?
72
What is the highest common divisor of 80 and 9040?
80
What is the highest common divisor of 18607 and 23?
23
What is the greatest common divisor of 21 and 301?
7
What is the highest common factor of 5725 and 75?
25
What is the highest common factor of 56 and 32?
8
Calculate the greatest common factor of 5599 and 143.
11
Calculate the greatest common divisor of 13 and 6773.
13
Calculate the greatest common divisor of 190 and 20.
10
Calculate the highest common divisor of 10 and 90.
10
Calculate the greatest common factor of 104 and 1924.
52
What is the highest common divisor of 1040 and 35620?
260
Calculate the greatest common factor of 875 and 250.
125
What is the highest common factor of 437 and 19?
19
Calculate the greatest common divisor of 5220 and 10.
10
What is the highest common factor of 180 and 120?
60
What is the greatest common factor of 40 and 8?
8
Calculate the highest common factor of 13 and 325.
13
Calculate the greatest common factor of 900 and 30.
30
Calculate the highest common divisor of 4080 and 3360.
240
What is the highest common factor of 35 and 42?
7
Calculate the highest common factor of 99 and 72.
9
Calculate the greatest common factor of 12 and 3812.
4
What is the highest common factor of 108 and 6?
6
What is the highest common factor of 57 and 1748?
19
What is the greatest common factor of 11 and 187?
11
What is the highest common divisor of 9 and 66?
3
What is the highest common factor of 13599 and 9?
9
What is the highest common divisor of 552 and 16284?
276
Calculate the greatest common divisor of 1890 and 18090.
270
What is the greatest common factor of 288 and 3312?
144
Calculate the greatest common factor of 25 and 225.
25
What is the greatest common factor of 725 and 1225?
25
What is the highest common divisor of 104 and 130?
26
What is the highest common divisor of 782 and 506?
46
Calculate the highest common factor of 477 and 27.
9
What is the highest common factor of 2025 and 1575?
225
What is the highest common factor of 1592 and 168?
8
What is the greatest common factor of 21 and 2877?
21
What is the greatest common factor of 147 and 2163?
21
Calculate the highest common factor of 1032 and 24.
24
What is the highest common divisor of 11 and 1133?
11
What is the greatest common divisor of 434 and 14?
14
What is the greatest common factor of 220 and 11044?
44
Calculate the greatest common divisor of 5502 and 42.
42
Calculate the greatest common divisor of 140 and 1162.
14
What is the greatest common factor of 108 and 9576?
36
Calculate the greatest common divisor of 19 and 3173.
19
What is the highest common factor of 336 and 2079?
21
Calculate the highest common factor of 318 and 7155.
159
What is the greatest common factor of 28 and 259?
7
What is the highest common divisor of 2 and 26?
2
Calculate the highest common factor of 32 and 352.
32
Calculate the greatest common divisor of 105 and 78.
3
What is the greatest common divisor of 2025 and 180?
45
What is the greatest common factor of 1664 and 39?
13
Calculate the greatest common factor of 52207 and 83.
83
What is the greatest common divisor of 803 and 33?
11
What is the highest common factor of 50 and 880?
10
What is the greatest common factor of 184 and 12?
4
What is the greatest common factor of 4 and 10?
2
Calculate the greatest common factor of 650 and 1000.
50
What is the highest common factor of 225 and 7575?
75
Calculate the highest common divisor of 3572 and 3196.
188
What is the highest common factor of 150 and 480?
30
Calculate the greatest common factor of 1273 and 335.
67
Calculate the greatest common divisor of 450 and 200.
50
Calculate the highest common divisor of 99 and 561.
33
Calculate the greatest common factor of 1404 and 16.
4
What is the greatest common factor of 14127 and 51?
51
Calculate the greatest common divisor of 77 and 217.
7
Calculate the highest common factor of 924 and 238.
14
What is the greatest common factor of 154 and 7238?
154
Calculate the greatest common divisor of 3934 and 14.
14
What is the highest common divisor of 4 and 51?
1
What is the greatest common divisor of 2607 and 22?
11
Calculate the greatest common factor of 34 and 153.
17
Calculate the greatest common factor of 11 and 869.
11
Calculate the highest common divisor of 108 and 60.
12
What is the highest common factor of 988 and 2432?
76
Calculate the highest common divisor of 40 and 1730.
10
What is the highest common divisor of 1786 and 304?
38
What is the greatest common factor of 120 and 1500?
60
What is the greatest common factor of 704 and 1672?
88
What is the highest common factor of 80 and 10400?
80
What is the highest common divisor of 72 and 4824?
72
What is the greatest common divisor of 44 and 820?
4
What is the highest common divisor of 460 and 6325?
115
What is the highest common divisor of 306 and 510?
102
What is the greatest common factor of 1564 and 408?
68
Calculate the greatest common divisor of 336 and 1442.
14
Calculate the greatest common divisor of 9954 and 1512.
126
What is the highest common factor of 30 and 4470?
30
Calculate the greatest common factor of 180 and 810.
90
What is the greatest common divisor of 11 and 1?
1
What is the highest common divisor of 25 and 1?
1
What is the greatest common divisor of 34 and 34?
34
Calculate the highest common divisor of 40 and 25.
5
What is the highest common factor of 152 and 190?
38
Calculate the greatest common factor of 24 and 37032.
24
Calculate the highest common factor of 32 and 4.
4
Calculate the greatest common factor of 75 and 1950.
75
Calculate the greatest common factor of 224 and 13776.
112
What is the highest common factor of 159 and 106?
53
What is the highest common divisor of 624 and 16?
16
What is the highest common factor of 20 and 860?
20
Calculate the greatest common factor of 32 and 296.
8
What is the greatest common divisor of 76 and 209?
19
Calculate the highest common divisor of 21 and 49.
7
Calculate the highest common divisor of 729 and 9.
9
What is the highest common factor of 105 and 50?
5
Calculate the highest common divisor of 3893 and 229.
229
What is the greatest common factor of 590 and 520?
10
Calculate the highest common divisor of 26 and 637.
13
Calculate the highest common factor of 856 and 24.
8
What is the highest common divisor of 1472 and 64?
64
Calculate the highest common divisor of 98 and 147.
49
Calculate the highest common factor of 14391 and 533.
533
What is the greatest common divisor of 13134 and 66?
66
What is the highest common factor of 12013 and 41?
41
Calculate the greatest common factor of 112 and 688.
16
Calculate the highest common divisor of 41369 and 41.
41
Calculate the highest common factor of 736 and 32.
32
Calculate the highest common factor of 2643 and 3.
3
What is the highest common divisor of 1 and 62?
1
Calculate the highest c